{"id":497,"date":"2024-06-30T23:17:49","date_gmt":"2024-06-30T21:17:49","guid":{"rendered":"https:\/\/www.zilune.com\/?post_type=product&#038;p=497"},"modified":"2024-10-15T13:23:24","modified_gmt":"2024-10-15T11:23:24","slug":"graine-de-vie","status":"publish","type":"product","link":"https:\/\/www.zilune.com\/index.php\/produit\/graine-de-vie\/","title":{"rendered":"Graine de Vie"},"content":{"rendered":"<p>La graine de vie est un symbole de g\u00e9om\u00e9trie sacr\u00e9e, une rosace qui illustre la source de vie, la v\u00e9rit\u00e9, l&rsquo;Univers ou encore l&rsquo;amour universel<\/p>\n<p>Elle repr\u00e9sente l&rsquo;interconnexion de toutes les choses, la connexion profonde avec l\u2019univers &amp; aide \u00e0 ouvrir l\u2019esprit \u00e0 des niveaux sup\u00e9rieurs de conscience.<br \/>\nElle est \u00e9galement r\u00e9put\u00e9e pour favoriser un sentiment d\u2019harmonie et d\u2019\u00e9quilibre, aidant \u00e0 aligner les \u00e9nergies et \u00e0 favoriser un sentiment de paix int\u00e9rieure<\/p>\n<p>Outil de gu\u00e9rison*, son symbole de croissance et de transformation aide \u00e0 surmonter les obstacles \u00e9motionnels et favorise le l\u00e2cher-prise &amp; le renouveau.<br \/>\nElle aide \u00e9galement \u00e0 l\u2019amour de soi &amp; encourage une attitude positive<\/p>\n<p>La Graine de Vie est souvent utilis\u00e9e en m\u00e9ditation &amp; autres pratiques de pleine conscience pour aider \u00e0 calmer l\u2019esprit, \u00e0 r\u00e9duire le stress &amp; l\u2019anxi\u00e9t\u00e9.<\/p>\n<p>Id\u00e9ale pour apporter un c\u00f4t\u00e9 Good Vibes \u00e0 une pi\u00e8ce (bureau, salon, chambre&#8230;)<\/p>\n<p>La fr\u00e9quence vibratoire de la graine de vie ainsi que les 13 pierres qui la d\u00e9corent sont suffisantes pour diffuser les \u00e9nergies positives dans une pi\u00e8ce<\/p>\n<p>C&rsquo;est une cr\u00e9ation unique que j&rsquo;ai r\u00e9alis\u00e9e avec tout mon amour<\/p>\n<p>Sur cette graine tu trouveras des pierres brutes de superbe qualit\u00e9 !<\/p>\n<p>Aventurine verte<br \/>\nAm\u00e9thyste<br \/>\nQuartz rose<br \/>\nCristal de roche<br \/>\nCalcite orange<\/p>\n<p>Anneaux en m\u00e9tal dor\u00e9<\/p>\n<p>(Ce mod\u00e8le est une cr\u00e9ation unique et ne sera pas reproduit \u00e0 l&rsquo;identique)<\/p>\n<p>*graine de vie, fleur de vie &amp; arbre de vie ne remplacent pas un avis m\u00e9dical<\/p>\n","protected":false},"excerpt":{"rendered":"<p>La graine de vie est un symbole de g\u00e9om\u00e9trie sacr\u00e9e, une rosace qui illustre la source de vie, la v\u00e9rit\u00e9, l&rsquo;Univers ou encore l&rsquo;amour universel Elle repr\u00e9sente l&rsquo;interconnexion de toutes les choses, la connexion profonde avec l\u2019univers &amp; aide \u00e0 ouvrir l\u2019esprit \u00e0 des niveaux sup\u00e9rieurs de conscience. Elle est \u00e9galement r\u00e9put\u00e9e pour favoriser un sentiment d\u2019harmonie et d\u2019\u00e9quilibre, aidant \u00e0 aligner les \u00e9nergies et \u00e0 favoriser un sentiment de paix int\u00e9rieure Outil de gu\u00e9rison*, son symbole de croissance et de transformation aide \u00e0 surmonter les obstacles \u00e9motionnels et favorise le l\u00e2cher-prise &amp; le renouveau. Elle aide \u00e9galement \u00e0 l\u2019amour de soi &amp; encourage une attitude positive La Graine de Vie est souvent utilis\u00e9e en m\u00e9ditation &amp; autres pratiques de pleine conscience pour aider \u00e0 calmer l\u2019esprit, \u00e0 r\u00e9duire le stress &amp; l\u2019anxi\u00e9t\u00e9. Id\u00e9ale pour apporter un c\u00f4t\u00e9 Good Vibes \u00e0 une pi\u00e8ce (bureau, salon, chambre&#8230;) La fr\u00e9quence vibratoire de la graine de vie ainsi que les 13 pierres qui la d\u00e9corent sont suffisantes pour diffuser les \u00e9nergies positives dans une pi\u00e8ce C&rsquo;est une cr\u00e9ation unique que j&rsquo;ai r\u00e9alis\u00e9e avec tout mon amour Sur cette graine tu trouveras des pierres brutes de superbe qualit\u00e9 ! Aventurine verte Am\u00e9thyste Quartz rose Cristal de roche Calcite orange Anneaux en m\u00e9tal dor\u00e9 (Ce mod\u00e8le est une cr\u00e9ation unique et ne sera pas reproduit \u00e0 l&rsquo;identique) *graine de vie, fleur de vie &amp; arbre de vie ne remplacent pas un avis m\u00e9dical<\/p>\n","protected":false},"featured_media":558,"comment_status":"open","ping_status":"closed","template":"","meta":{"_seopress_robots_primary_cat":"","_seopress_titles_title":"","_seopress_titles_desc":"","_seopress_robots_index":""},"product_brand":[],"product_cat":[26],"product_tag":[],"class_list":{"0":"post-497","1":"product","2":"type-product","3":"status-publish","4":"has-post-thumbnail","6":"product_cat-decorations-accessoires","8":"first","9":"onbackorder","10":"shipping-taxable","11":"purchasable","12":"product-type-simple"},"jetpack_sharing_enabled":true,"_links":{"self":[{"href":"https:\/\/www.zilune.com\/index.php\/wp-json\/wp\/v2\/product\/497","targetHints":{"allow":["GET"]}}],"collection":[{"href":"https:\/\/www.zilune.com\/index.php\/wp-json\/wp\/v2\/product"}],"about":[{"href":"https:\/\/www.zilune.com\/index.php\/wp-json\/wp\/v2\/types\/product"}],"replies":[{"embeddable":true,"href":"https:\/\/www.zilune.com\/index.php\/wp-json\/wp\/v2\/comments?post=497"}],"wp:featuredmedia":[{"embeddable":true,"href":"https:\/\/www.zilune.com\/index.php\/wp-json\/wp\/v2\/media\/558"}],"wp:attachment":[{"href":"https:\/\/www.zilune.com\/index.php\/wp-json\/wp\/v2\/media?parent=497"}],"wp:term":[{"taxonomy":"product_brand","embeddable":true,"href":"https:\/\/www.zilune.com\/index.php\/wp-json\/wp\/v2\/product_brand?post=497"},{"taxonomy":"product_cat","embeddable":true,"href":"https:\/\/www.zilune.com\/index.php\/wp-json\/wp\/v2\/product_cat?post=497"},{"taxonomy":"product_tag","embeddable":true,"href":"https:\/\/www.zilune.com\/index.php\/wp-json\/wp\/v2\/product_tag?post=497"}],"curies":[{"name":"wp","href":"https:\/\/api.w.org\/{rel}","templated":true}]}}