{"id":431,"date":"2024-06-29T23:30:17","date_gmt":"2024-06-29T21:30:17","guid":{"rendered":"https:\/\/www.zilune.com\/?post_type=product&#038;p=431"},"modified":"2024-06-30T23:36:50","modified_gmt":"2024-06-30T21:36:50","slug":"fertilite-grossesse","status":"publish","type":"product","link":"https:\/\/www.zilune.com\/index.php\/produit\/fertilite-grossesse\/","title":{"rendered":"Fertilit\u00e9 \/ Grossesse"},"content":{"rendered":"<p>Plus qu&rsquo;un bracelet, la gamme des bracelets soin* comme son nom l&rsquo;indique est infus\u00e9 par un soin \u00e9nerg\u00e9tique que j&rsquo;ai moi-m\u00eame r\u00e9alis\u00e9 pour t&rsquo;apporter un maximum de bienfaits<\/p>\n<p>Si tu souhaites devenir maman, accompagner ta grossesse, avoir un coup de pouce pendant les premiers mois de b\u00e9b\u00e9 ou les 3 \u00e0 la fois, alors ce bracelet soin est fait pour toi<\/p>\n<p>Quartz rose : Amour &#038; Calme<br \/>\nPierre de lune : \u00c9quilibre hormonal &#038; F\u00e9minit\u00e9<br \/>\nCornaline : Fertilit\u00e9 &#038; Courage<br \/>\nCristal de roche : Amplifie les autres pierres<\/p>\n<p>Disponible en 2 versions<\/p>\n<p>Ajustable <\/p>\n<p>Pierres naturelles de qualit\u00e9 &#038; acier inoxydable<\/p>\n<p>*le bracelet soin ne remplace pas un avis m\u00e9dical<\/p>\n","protected":false},"excerpt":{"rendered":"<p>Plus qu&rsquo;un bracelet, la gamme des bracelets soin* comme son nom l&rsquo;indique est infus\u00e9 par un soin \u00e9nerg\u00e9tique que j&rsquo;ai moi-m\u00eame r\u00e9alis\u00e9 pour t&rsquo;apporter un maximum de bienfaits Si tu souhaites devenir maman, accompagner ta grossesse, avoir un coup de pouce pendant les premiers mois de b\u00e9b\u00e9 ou les 3 \u00e0 la fois, alors ce bracelet soin est fait pour toi Quartz rose : Amour &#038; Calme Pierre de lune : \u00c9quilibre hormonal &#038; F\u00e9minit\u00e9 Cornaline : Fertilit\u00e9 &#038; Courage Cristal de roche : Amplifie les autres pierres Disponible en 2 versions Ajustable Pierres naturelles de qualit\u00e9 &#038; acier inoxydable *le bracelet soin ne remplace pas un avis m\u00e9dical<\/p>\n","protected":false},"featured_media":317,"comment_status":"open","ping_status":"closed","template":"","meta":{"_seopress_robots_primary_cat":"","_seopress_titles_title":"","_seopress_titles_desc":"","_seopress_robots_index":""},"product_brand":[],"product_cat":[23,21],"product_tag":[],"class_list":{"0":"post-431","1":"product","2":"type-product","3":"status-publish","4":"has-post-thumbnail","6":"product_cat-bracelet-soin","7":"product_cat-bracelets","9":"first","10":"instock","11":"shipping-taxable","12":"purchasable","13":"product-type-variable"},"jetpack_sharing_enabled":true,"_links":{"self":[{"href":"https:\/\/www.zilune.com\/index.php\/wp-json\/wp\/v2\/product\/431","targetHints":{"allow":["GET"]}}],"collection":[{"href":"https:\/\/www.zilune.com\/index.php\/wp-json\/wp\/v2\/product"}],"about":[{"href":"https:\/\/www.zilune.com\/index.php\/wp-json\/wp\/v2\/types\/product"}],"replies":[{"embeddable":true,"href":"https:\/\/www.zilune.com\/index.php\/wp-json\/wp\/v2\/comments?post=431"}],"wp:featuredmedia":[{"embeddable":true,"href":"https:\/\/www.zilune.com\/index.php\/wp-json\/wp\/v2\/media\/317"}],"wp:attachment":[{"href":"https:\/\/www.zilune.com\/index.php\/wp-json\/wp\/v2\/media?parent=431"}],"wp:term":[{"taxonomy":"product_brand","embeddable":true,"href":"https:\/\/www.zilune.com\/index.php\/wp-json\/wp\/v2\/product_brand?post=431"},{"taxonomy":"product_cat","embeddable":true,"href":"https:\/\/www.zilune.com\/index.php\/wp-json\/wp\/v2\/product_cat?post=431"},{"taxonomy":"product_tag","embeddable":true,"href":"https:\/\/www.zilune.com\/index.php\/wp-json\/wp\/v2\/product_tag?post=431"}],"curies":[{"name":"wp","href":"https:\/\/api.w.org\/{rel}","templated":true}]}}